?
397
What is the remainder when 68078 is divided by 7508?
506
What is the remainder when 120661259 is divided by 113617?
5
What is the remainder when 25974 is divided by 1812?
606
Calculate the remainder when 116206781 is divided by 27.
23
What is the remainder when 668018 is divided by 667950?
68
Calculate the remainder when 1821525 is divided by 761.
452
Calculate the remainder when 475202 is divided by 65.
52
What is the remainder when 5427 is divided by 1450?
1077
What is the remainder when 94004 is divided by 856?
700
Calculate the remainder when 1944695 is divided by 2778.
95
Calculate the remainder when 51298 is divided by 3744.
2626
Calculate the remainder when 399945 is divided by 5712.
105
Calculate the remainder when 3564909 is divided by 1778.
19
Calculate the remainder when 987562 is divided by 823.
785
What is the remainder when 633274 is divided by 598?
590
Calculate the remainder when 532875 is divided by 532684.
191
What is the remainder when 37781 is divided by 37710?
71
What is the remainder when 5925652 is divided by 68?
64
Calculate the remainder when 22931 is divided by 7234.
1229
What is the remainder when 44642 is divided by 44330?
312
Calculate the remainder when 1023354 is divided by 164.
158
What is the remainder when 39173 is divided by 4890?
53
What is the remainder when 1075585 is divided by 1529?
698
What is the remainder when 308966218 is divided by 305?
303
Calculate the remainder when 14565860 is divided by 6523.
1
Calculate the remainder when 5810276 is divided by 20.
16
Calculate the remainder when 1407065 is divided by 11170.
10815
Calculate the remainder when 37273 is divided by 9188.
521
Calculate the remainder when 62565 is divided by 7594.
1813
Calculate the remainder when 81642409 is divided by 13607066.
13
What is the remainder when 3964125 is divided by 158526?
975
Calculate the remainder when 417977 is divided by 14481.
12509
Calculate the remainder when 37991090 is divided by 1407077.
11
What is the remainder when 3489689 is divided by 1018?
1003
What is the remainder when 500652 is divided by 822?
54
What is the remainder when 149510 is divided by 1573?
75
Calculate the remainder when 3631714 is divided by 753.
748
What is the remainder when 6607949 is divided by 463?
13
Calculate the remainder when 9637433 is divided by 16.
9
What is the remainder when 77003 is divided by 5919?
56
Calculate the remainder when 5363661 is divided by 1340903.
49
What is the remainder when 78474 is divided by 237?
27
Calculate the remainder when 3534454 is divided by 78540.
154
Calculate the remainder when 5521378 is divided by 4084.
3894
What is the remainder when 2031596 is divided by 1015783?
30
What is the remainder when 97627736 is divided by 80?
56
Calculate the remainder when 548103 is divided by 543406.
4697
What is the remainder when 9145731 is divided by 695?
226
Calculate the remainder when 223126 is divided by 111430.
266
Calculate the remainder when 7407447 is divided by 1457.
59
Calculate the remainder when 34500 is divided by 13555.
7390
Calculate the remainder when 134935 is divided by 530.
315
Calculate the remainder when 4480 is divided by 4162.
318
Calculate the remainder when 215936636 is divided by 34.
18
Calculate the remainder when 1556339 is divided by 201.
197
What is the remainder when 22947744 is divided by 22947739?
5
Calculate the remainder when 39851431 is divided by 2524.
2519
Calculate the remainder when 55435848 is divided by 3765.
3753
What is the remainder when 2075537 is divided by 813?
761
Calculate the remainder when 896297 is divided by 13.
12
What is the remainder when 28035 is divided by 13303?
1429
What is the remainder when 39058475 is divided by 1301949?
5
What is the remainder when 8851150 is divided by 77?
0
Calculate the remainder when 190535 is divided by 189969.
566
What is the remainder when 1920747 is divided by 384148?
7
Calculate the remainder when 14888533 is divided by 2126933.
2
Calculate the remainder when 132656 is divided by 2459.
2329
What is the remainder when 1480455 is divided by 493475?
30
Calculate the remainder when 960909 is divided by 64051.
144
What is the remainder when 112130 is divided by 828?
350
What is the remainder when 14563712 is divided by 2736?
2720
Calculate the remainder when 41020 is divided by 1380.
1000
What is the remainder when 924870 is divided by 308285?
15
What is the remainder when 74621 is divided by 70?
1
Calculate the remainder when 502039 is divided by 4082.
4035
Calculate the remainder when 3082013 is divided by 3605.
3343
Calculate the remainder when 150292 is divided by 29915.
717
What is the remainder when 18959472 is divided by 5?
2
Calculate the remainder when 30024 is divided by 13525.
2974
What is the remainder when 2137 is divided by 1782?
355
Calculate the remainder when 5451463 is divided by 1081.
1061
Calculate the remainder when 8545 is divided by 8523.
22
What is the remainder when 81186658 is divided by 1359?
1357
What is the remainder when 56496 is divided by 5880?
3576
Calculate the remainder when 11336198 is divided by 709.
706
Calculate the remainder when 990431 is divided by 197839.
1236
What is the remainder when 122701305 is divided by 122701304?
1
What is the remainder when 45340231 is divided by 324?
319
Calculate the remainder when 4822318 is divided by 16.
14
Calculate the remainder when 10380 is divided by 1501.
1374
Calculate the remainder when 393443 is divided by 5176.
67
Calculate the remainder when 9516828 is divided by 1012.
992
Calculate the remainder when 162614 is divided by 23223.
53
Calculate the remainder when 148871 is divided by 931.
842
What is the remainder when 3621580 is divided by 260?
40
Calculate the remainder when 338715 is divided by 376.
315
Calculate the remainder when 38011347 is divided by 81.
72
What is the remainder when 1720303749 is divided by 111?
108
What is the remainder when 12665617 is divided by 3755?
2
What is the remainder when 5402198 is divided by 1080437?
13
What is the remainder when 34540 is divided by 1107?
223
What is the remainder when 578344 is divided by 185?
34
Calculate the remainder when 313759 is divided by 3235.
3199
Calculate the remainder when 1424094 is divided by 818.
774
Calculate the remainder when 15702735 is divided by 3140537.
50
What is the remainder when 190588 is divided by 12695?
163
What is the remainder when 4982478 is divided by 216?
6
Calculate the remainder when 235040 is divided by 117425.
190
What is the remainder when 4357945 is divided by 43?
24
What is the remainder when 66095218 is divided by 2434?
2382
What is the remainder when 73400 is divided by 5102?
1972
What is the remainder when 333452 is divided by 161?
21
Calculate the remainder when 3097768 is divided by 338.
336
What is the remainder when 29341868 is divided by 171?
149
Calculate the remainder when 932035 is divided by 5358.
5101
What is the remainder when 1256084 is divided by 10924?
10748
Calculate the remainder when 80295685 is divided by 15.
10
Calculate the remainder when 78032 is divided by 26007.
11
Calculate the remainder when 13777 is divided by 102.
7
What is the remainder when 45258748 is divided by 9051749?
3
Calculate the remainder when 4729 is divided by 787.
7
Calculate the remainder when 77752 is divided by 19417.
84
What is the remainder when 2293112 is divided by 2293033?
79
Calculate the remainder when 302120 is divided by 60.
20
What is the remainder when 253909 is divided by 3735?
3664
What is the remainder when 15144062 is divided by 471?
470
Calculate the remainder when 325445 is divided by 107.
58
Calculate the remainder when 1004618 is divided by 38.
12
Calculate the remainder when 3096741 is divided by 274.
267
Calculate the remainder when 2223167 is divided by 4700.
67
What is the remainder when 1104095 is divided by 1421?
1399
What is the remainder when 1888142 is divided by 51027?
143
Calculate the remainder when 1765708 is divided by 347.
172
Calculate the remainder when 1520679 is divided by 69116.
127
What is the remainder when 69366 is divided by 13848?
126
Calculate the remainder when 45236 is divided by 7.
2
Calculate the remainder when 2036191 is divided by 114.
37
What is the remainder when 1180533 is divided by 503?